{"id":13880,"date":"2022-10-17T14:26:50","date_gmt":"2022-10-17T17:26:50","guid":{"rendered":"https:\/\/kubernetica.com\/academy\/?post_type=product&#038;p=13880"},"modified":"2023-03-09T09:04:25","modified_gmt":"2023-03-09T12:04:25","slug":"manual-para-la-elaboracion-de-trabajos-academicos","status":"publish","type":"product","link":"https:\/\/kubernetica.com\/academy\/producto\/manual-para-la-elaboracion-de-trabajos-academicos\/","title":{"rendered":"Manual para la elaboraci\u00f3n de trabajos acad\u00e9micos"},"content":{"rendered":"<h2 class=\"ql-align-justify\">Rese\u00f1a<\/h2>\n<div style=\"text-align:justify\"><em>Manual para la elaboraci\u00f3n de trabajos acad\u00e9micos<\/em>, segundo libro de Santiago Koval (2011), es un texto introductorio al proceso de producci\u00f3n de conocimientos en el entorno universitario y acad\u00e9mico. Se trata de un manual operativo de fundamentos te\u00f3ricos y metodol\u00f3gicos, destinado a estudiantes que buscan introducirse en la elaboraci\u00f3n de trabajos cient\u00edficos y que precisan, para ello, de una gu\u00eda de pautas claras y ordenadas acerca de sus etapas, procesos y modos de enunciaci\u00f3n.<\/div>\n<p><\/p>\n<div style=\"text-align:justify\">El libro procura abarcar el proceso completo de las tareas de investigaci\u00f3n y redacci\u00f3n cient\u00edficas, desde la definici\u00f3n del objeto de estudio, la detecci\u00f3n de un problema y la formulaci\u00f3n de una hip\u00f3tesis, al desarrollo de un dise\u00f1o metodol\u00f3gico destinado a comprobarlas, y la presentaci\u00f3n de resultados y conclusiones finales. En este sentido, puede servir tanto a tesistas que deban realizar su trabajo final, su tesina de grado o su tesis de posgrado, como a estudiantes de diversas disciplinas que tengan que elaborar trabajos escritos a lo largo de su carrera. Asimismo, puede ser \u00fatil para aquellos investigadores o becarios que se inician en la investigaci\u00f3n y que desean mejorar sus habilidades metodol\u00f3gicas de trabajo o sus destrezas ret\u00f3ricas de redacci\u00f3n cient\u00edfica. Aunque est\u00e9 orientado a las ciencias sociales y a las humanidades en particular, algunos de sus m\u00e9todos, f\u00f3rmulas y definiciones pueden aplicarse, m\u00e1s ampliamente, a otras \u00e1reas de la ciencia.<\/div>\n<p><\/p>\n<div style=\"text-align:justify\">El texto combina la descripci\u00f3n de las etapas principales de todo proceso de investigaci\u00f3n y la definici\u00f3n de las reglas formales y tem\u00e1ticas de la elaboraci\u00f3n del texto escrito que debe resultar de dicho proceso. Uno de sus principios rectores radica, precisamente, en la noci\u00f3n de que investigaci\u00f3n y redacci\u00f3n componen una unidad procedimental indisoluble, y en la idea de que el producto textual ha de entenderse como el correlato inseparable de un proceso de investigaci\u00f3n subyacente.<\/div>\n","protected":false},"excerpt":{"rendered":"<h2 class=\"ql-align-justify\">Ficha t\u00e9cnica<\/h2>\n<ul>\n<li><strong>T\u00edtulo completo:\u00a0<\/strong><em>Manual para la elaboraci\u00f3n de trabajos acad\u00e9micos: Investigar y redactar en el \u00e1mbito acad\u00e9mico<\/em><\/li>\n<li><strong>Autor:<\/strong> Santiago Koval<\/li>\n<li><strong>A\u00f1o:<\/strong> 2011<\/li>\n<li><strong>P\u00e1ginas:<\/strong> 172<\/li>\n<li><strong>Formato:<\/strong> digital (descarga en PDF).<\/li>\n<\/ul>\n<p>&nbsp;<\/p>\n","protected":false},"featured_media":13902,"template":"","meta":{"_joinchat":[]},"product_brand":[],"product_cat":[6546],"product_tag":[],"class_list":{"0":"post-13880","1":"product","2":"type-product","3":"status-publish","4":"has-post-thumbnail","6":"product_cat-libros","8":"first","9":"instock","10":"downloadable","11":"virtual","12":"purchasable","13":"product-type-simple"},"aioseo_notices":[],"_links":{"self":[{"href":"https:\/\/kubernetica.com\/academy\/wp-json\/wp\/v2\/product\/13880","targetHints":{"allow":["GET"]}}],"collection":[{"href":"https:\/\/kubernetica.com\/academy\/wp-json\/wp\/v2\/product"}],"about":[{"href":"https:\/\/kubernetica.com\/academy\/wp-json\/wp\/v2\/types\/product"}],"wp:featuredmedia":[{"embeddable":true,"href":"https:\/\/kubernetica.com\/academy\/wp-json\/wp\/v2\/media\/13902"}],"wp:attachment":[{"href":"https:\/\/kubernetica.com\/academy\/wp-json\/wp\/v2\/media?parent=13880"}],"wp:term":[{"taxonomy":"product_brand","embeddable":true,"href":"https:\/\/kubernetica.com\/academy\/wp-json\/wp\/v2\/product_brand?post=13880"},{"taxonomy":"product_cat","embeddable":true,"href":"https:\/\/kubernetica.com\/academy\/wp-json\/wp\/v2\/product_cat?post=13880"},{"taxonomy":"product_tag","embeddable":true,"href":"https:\/\/kubernetica.com\/academy\/wp-json\/wp\/v2\/product_tag?post=13880"}],"curies":[{"name":"wp","href":"https:\/\/api.w.org\/{rel}","templated":true}]}}